he hundreds digit of 1178203?
2
What is the ten thousands digit of 25751?
2
What is the hundred thousands digit of 6379912?
3
What is the thousands digit of 322901?
2
What is the ten millions digit of 17842606?
1
What is the ten thousands digit of 84026?
8
What is the ten thousands digit of 1274485?
7
What is the ten thousands digit of 152841?
5
What is the hundred thousands digit of 1406311?
4
What is the units digit of 9264456?
6
What is the ten thousands digit of 720182?
2
What is the ten thousands digit of 449143?
4
What is the ten thousands digit of 4128505?
2
What is the ten thousands digit of 36511375?
1
What is the hundred thousands digit of 12955555?
9
What is the hundreds digit of 255910?
9
What is the ten thousands digit of 14784520?
8
What is the ten thousands digit of 602237?
0
What is the ten thousands digit of 316917?
1
What is the hundreds digit of 3058644?
6
What is the units digit of 450893?
3
What is the tens digit of 4176276?
7
What is the units digit of 695396?
6
What is the ten thousands digit of 36055014?
5
What is the hundreds digit of 141364?
3
What is the hundred thousands digit of 12016617?
0
What is the hundred thousands digit of 4084424?
0
What is the tens digit of 23582?
8
What is the thousands digit of 6184175?
4
What is the hundred thousands digit of 606437?
6
What is the thousands digit of 8118688?
8
What is the millions digit of 11571851?
1
What is the hundreds digit of 10920840?
8
What is the thousands digit of 682010?
2
What is the tens digit of 26585116?
1
What is the tens digit of 399345?
4
What is the tens digit of 225426?
2
What is the units digit of 11156?
6
What is the ten millions digit of 24568219?
2
What is the hundred thousands digit of 32131275?
1
What is the tens digit of 796789?
8
What is the ten thousands digit of 152694?
5
What is the ten thousands digit of 2890187?
9
What is the thousands digit of 5124063?
4
What is the hundred thousands digit of 978912?
9
What is the hundreds digit of 125029?
0
What is the ten thousands digit of 949544?
4
What is the ten thousands digit of 923501?
2
What is the ten thousands digit of 13080430?
8
What is the hundreds digit of 673988?
9
What is the units digit of 276592?
2
What is the units digit of 347911?
1
What is the units digit of 4011324?
4
What is the tens digit of 3871259?
5
What is the units digit of 3389968?
8
What is the units digit of 947160?
0
What is the thousands digit of 12820?
2
What is the thousands digit of 398422?
8
What is the hundreds digit of 219614?
6
What is the hundreds digit of 357540?
5
What is the hundreds digit of 4002534?
5
What is the ten thousands digit of 481546?
8
What is the millions digit of 2071965?
2
What is the hundred thousands digit of 4302744?
3
What is the ten thousands digit of 43321?
4
What is the units digit of 370488?
8
What is the tens digit of 14097671?
7
What is the tens digit of 5448710?
1
What is the ten thousands digit of 35324?
3
What is the units digit of 415532?
2
What is the tens digit of 758304?
0
What is the thousands digit of 124364?
4
What is the millions digit of 1043596?
1
What is the hundred thousands digit of 1305441?
3
What is the millions digit of 3167014?
3
What is the ten thousands digit of 23701805?
0
What is the hundreds digit of 2263838?
8
What is the thousands digit of 24858055?
8
What is the hundreds digit of 581518?
5
What is the ten millions digit of 12424651?
1
What is the units digit of 4688174?
4
What is the thousands digit of 265011?
5
What is the units digit of 2077301?
1
What is the units digit of 1522290?
0
What is the millions digit of 3303789?
3
What is the hundred thousands digit of 1140732?
1
What is the ten thousands digit of 32357527?
5
What is the hundreds digit of 365792?
7
What is the tens digit of 9562802?
0
What is the hundred thousands digit of 576589?
5
What is the tens digit of 410983?
8
What is the tens digit of 12550?
5
What is the ten thousands digit of 537480?
3
What is the hundred thousands digit of 1378644?
3
What is the hundred thousands digit of 11994774?
9
What is the hundred thousands digit of 216006?
2
What is the tens digit of 2764834?
3
What is the thousands digit of 78610?
8
What is the hundred thousands digit of 5810705?
8
What is the hundred thousands digit of 654609?
6
What is the tens digit of 784460?
6
What is the hundreds digit of 777459?
4
What is the thousands digit of 4436031?
6
What is the hundreds digit of 209654?
6
What is the ten millions digit of 17654724?
1
What is the hundreds digit of 44162?
1
What is the units digit of 2385956?
6
What is the hundred thousands digit of 11656943?
6
What is the hundred thousands digit of 2673989?
6
What is the hundreds digit of 806568?
5
What is the thousands digit of 559054?
9
What is the millions digit of 4107386?
4
What is the hundreds digit of 3573908?
9
What is the thousands digit of 7942687?
2
What is the millions digit of 1347831?
1
What is the millions digit of 12546394?
2
What is the hundreds digit of 3327554?
5
What is the hundred thousands digit of 213605?
2
What is the thousands digit of 80361?
0
What is the tens digit of 2323470?
7
What is the hundreds digit of 8786806?
8
What is the tens digit of 105029?
2
What is the hundred thousands digit of 228733?
2
What is the millions digit of 1608048?
1
What is the ten thousands digit of 1494739?
9
What is the tens digit of 27606038?
3
What is the ten thousands digit of 5407475?
0
What is the hundreds digit of 2824409?
4
What is the ten thousands digit of 2778807?
7
What is the units digit of 9984?
4
What is the ten thousands digit of 23204202?
0
What is the hundreds digit of 395491?
4
What is the thousands digit of 228729?
8
What is the hundreds digit of 10561510?
5
What is the units digit of 191412?
2
What is the ten thousands digit of 345220?
4
What is the units digit of 3517721?
1
What is the millions digit of 6395468?
6
What is the ten thousands digit of 24576305?
7
What is the ten thousands digit of 406846?
0
What is the units digit of 1031130?
0
What is the millions digit of 1945091?
1
What is the hundreds digit of 9580710?
7
What is the hundreds digit of 311891?
8
What is the ten thousands digit of 1229328?
2
What is the hundred thousands digit of 113012?
1
What is the ten thousands digit of 269911?
6
What is the hundred thousands digit of 9554353?
5
What is the hundred thousands digit of 26179056?
1
What is the hundreds digit of 1267196?
1
What is the hundreds digit of 548278?
2
What is the thousands digit of 177254?
7
What is the thousands digit of 253709?
3
What is the ten thousands digit of 775698?
7
What is the ten thousands digit of 3128200?
2
What is the tens digit of 2307525?
2
What is the units digit of 5706299?
9
What is the millions digit of 2403933?
2
What is the hundreds digit of 18921827?
8
What is the thousands digit of 188923?
8
What is the ten millions digit of 12450796?
1
What is the thousands digit of 689681?
9
What is the tens digit of 465184?
8
What is the millions digit of 1186946?
1
What is the hundred thousands digit of 6065692?
0
What is the hundreds digit of 1274011?
0
What is the ten millions digit of 19700860?
1
What is the hundreds digit of 209992?
9
What is the tens digit of 19140049?
4
What is the tens digit of 163087?
8
What is the millions digit of 2655606?
2
What is the units digit of 19227734?
4
What is the units digit of 387402?
2
What is the units digit of 3043757?
7
What is the hundred thousands digit of 321687?
3
What is the ten thousands digit of 40202472?
0
What is the millions digit of 2199791?
2
What is the thousands digit of 80606?
0
What is the ten thousands digit of 1727917?
2
What is the thousands digit of 986966?
6
What is the hundred thousands digit of 9357665?
3
What is the units digit of 8052768?
8
What is the ten thousands digit of 1989390?
8
What is the millions digit of 1119904?
1
What is the hundred thousands digit of 326597?
3
What is the tens digit of 20273977?
7
What is the units digit of 1110020?
0
What is the thousands digit of 10137400?
7
What is the thousands digit of 627787?
7
What is the hundreds digit of 634970?
9
What is the tens digit of 981769?
6
What is the hundreds digit of 287115?
1
What is the tens digit of 4826688?
8
What is the hundreds digit of 8297588?
5
What 